 7
Let t(x) = 3*x**3 - 3 - 6*x**3 - 3*x**2 + 4*x**3. Let s be t(3). What are the prime factors of (-1)/((-2)/4) - s?
5
Suppose 3*d + 4*h - 377 = 116, 5*d + 4*h = 811. What are the prime factors of d?
3, 53
Suppose 6*o = 299 + 253. List the prime factors of o.
2, 23
Let g be (-1 - 1) + 6/3. Suppose 4*a = a - 5*o + 39, g = -2*a - 3*o + 26. What are the prime factors of a?
13
Suppose 4*z - 538 = 2*n, 4*z + 6*n = 3*n + 513. List the prime factors of z.
2, 3, 11
Let c(p) = -4*p**3 - p**2 - p - 1. Suppose 2*q + 2 = -0. List the prime factors of c(q).
3
Let q = 5 - 5. Suppose q = b + 4, b + 60 = 4*j - 2*b. List the prime factors of j.
2, 3
Let b(h) = -2*h - 1. Let m(n) = 4*n + 2. Let g be m(-2). List the prime factors of b(g).
11
Let c = 2 + 3. Suppose 10 = 2*y + 2*z, 0*z + c*z = 2*y - 10. Let g(b) = 3*b - 7. List the prime factors of g(y).
2
Suppose 872 = 4*q - 4*g, -3*g - 5 + 2 = 0. What are the prime factors of q?
7, 31
Suppose 13*y - 302 + 55 = 0. What are the prime factors of y?
19
Let m be ((-12)/(-5))/((-6)/(-20)). Let k = m + 29. What are the prime factors of k?
37
Suppose -u = -x + 190, -2*u - 5 = 4*x - 777. What are the prime factors of x?
2, 3
Let b be 1 + (-4 - 0) + -5. Let h = -3 - b. List the prime factors of h.
5
Suppose 15 = -2*s - 3*s, -4*s + 303 = 5*l. List the prime factors of l.
3, 7
Suppose 5*n - 2*n = m - 12, 40 = 4*m - 4*n. List the prime factors of m.
3
Let w(g) = -g**2 - 7*g - 1. Let y be w(-6). Suppose -f + y*f - 8 = 0. Suppose -z + f + 3 = 0. List the prime factors of z.
5
Let o be 4/(-30) + (-64)/(-30). What are the prime factors of (-1)/(-1)*38/o?
19
What are the prime factors of -2 + (-3 - (-15 - -3))?
7
Let k(g) = g**3 - 2*g**2 + g. Suppose -3 + 13 = 5*b. Let s be k(b). What are the prime factors of (1/s)/(2/28)?
7
Let c(w) = -w**2 - 5*w - 1. Let a be c(-3). Suppose -2 = -2*p - 4*y, 0*y + a*y = 2*p - 20. Suppose -b = -2 - p. List the prime factors of b.
7
Let d = -14 + 10. Let f = d + 10. What are the prime factors of f?
2, 3
Suppose 0*a + 1285 = 5*a. What are the prime factors of a?
257
Suppose 2*h + 5*b - 38 = 0, 2*h - 30 = -0*b - 3*b. List the prime factors of h.
3
Let n = 13 + -5. Let s = 9 - n. Let x(j) = 20*j - 1. What are the prime factors of x(s)?
19
Suppose -24 = -4*z - 2*v, -4*v + 16 = 4*z - 6*v. What are the prime factors of z?
5
Let x(m) = 5*m**2 - 4*m - 27. List the prime factors of x(8).
3, 29
Let q = -310 - -479. List the prime factors of q.
13
Let g = -143 - -240. What are the prime factors of g?
97
List the prime factors of ((-1)/(-2))/(2/216).
2, 3
Suppose -4*g = 4*i - 244, 252 + 53 = 5*i - 5*g. What are the prime factors of i?
61
Let s = 1005 - 718. List the prime factors of s.
7, 41
Let g be ((-4)/(-3))/(6/(-27)). Suppose -4*d - j + 15 = -18, 4*d = -5*j + 21. Let p = g + d. List the prime factors of p.
3
Suppose -5*i - 3*x + 404 = 0, 21 = -i + x + 97. What are the prime factors of i?
79
Suppose -2*z - 3*d = -8*d + 31, -43 = 5*z - d. Let c be (-44)/z - (-2)/(-4). Suppose 0 = 5*t + c*o + 5, -2*t - 3*o = -0*o + 7. What are the prime factors of t?
2
Let j(p) = p**2 - 26*p + 96. What are the prime factors of j(28)?
2, 19
Suppose 6*n - 5*r - 124 = 3*n, -3*n = -4*r - 125. What are the prime factors of n?
43
List the prime factors of (-9*1/(-15))/((-5)/(-100)).
2, 3
Let l = 0 - -15. Let t be 67/2 + l/(-10). Suppose -t = -s - s. List the prime factors of s.
2
Suppose 16*h - 8*h - 600 = 0. List the prime factors of h.
3, 5
Let r be (-125)/7 - 9/63. Let b = 3 - r. What are the prime factors of b?
3, 7
Let p(g) = -g**3 - 9*g**2 + 10*g. Let b be p(-10). Suppose -2*z - 14 - 100 = b. List the prime factors of 2/4 - z/6.
2, 5
Let z(n) = -n**2 + 12*n - 1. What are the prime factors of z(8)?
31
Let s = 101 - 65. What are the prime factors of s?
2, 3
Let t = 16 - 30. What are the prime factors of t/4*(-8)/7?
2
Let v(g) = -2*g**3 - 12*g**2 - 10*g + 9. What are the prime factors of v(-7)?
3, 59
Let y be 7*-3 + (-11 - -10). Let s = 19 - y. What are the prime factors of s?
41
Let y = -13 + 27. Let b = 3 - 0. Suppose 3*h = -5*t + 75, -2*t = h - b*h - y. List the prime factors of t.
2, 3
Let n be -3*((-5)/(-1) + 0). Let x = -9 - n. Let h = 8 + x. List the prime factors of h.
2, 7
Suppose -36 = -5*f + 9. Suppose 0*l - 5*y - f = -2*l, -3*y + 3 = 3*l. List the prime factors of 5 - ((-2 - l) + 2).
7
Suppose -v + 5*i + 3 = 0, 0 = 2*v + 7*i - 3*i - 20. Let w = v - 4. Suppose -4*n + 2*n = 4*h - 72, 2*h = w*n + 36. List the prime factors of h.
2, 3
Let v(h) = -h**2 + 5*h + 3. Let q be v(5). List the prime factors of 15 - (-8 + 2 + q).
2, 3
Suppose 3*c - 4*v = 7, c + 2*v = -c. Let m be 15/3 + 0 + c. Suppose m*p = p + 20. What are the prime factors of p?
2
Let m(g) be the third derivative of -g**4/12 - g**3/3 + 4*g**2. List the prime factors of m(-3).
2
Suppose -4*y + 28 = -12. Suppose t + 0*x = 2*x + 6, -4*t + 9 = -3*x. Suppose t = -v - v + y. List the prime factors of v.
5
Suppose -3*v + 0*c + 2*c + 79 = 0, 2*v - 58 = 4*c. What are the prime factors of v?
5
Let o = 641 + -400. What are the prime factors of o?
241
Let f = -45 + 24. Let w be 1/(-4) + f/(-4). Suppose 2*l = w*d + 36, -4*l - l + 48 = -2*d. List the prime factors of l.
2
Let d(m) be the third derivative of m**5/60 + m**4/6 + 2*m**3/3 + 3*m**2. List the prime factors of d(-4).
2
Let i = -57 - -90. Let a = i + -20. List the prime factors of a.
13
Suppose 0*d - 2*d = -158. What are the prime factors of d?
79
Let s = 0 - -72. List the prime factors of s.
2, 3
Suppose 0*q - 5*q - 4*o = -16, 12 = 3*o. Suppose q*u - 2*n + 5 = -u, -3*n = -12. Suppose -2*z + 14 = -u*c, z = -z - c + 14. List the prime factors of z.
7
Let q(s) = -14*s + 20. List the prime factors of q(-6).
2, 13
Suppose 1025 = l + 4*l. What are the prime factors of l?
5, 41
Suppose 4*s + 4*d = 24, -5*s + 2*d + 2 = -0*d. Suppose -3*c + 5*p + s = -c, -5*p + 53 = 3*c. List the prime factors of c.
11
Suppose 24 = -2*q + 306. Suppose q + 4 = 5*l. List the prime factors of l.
29
Suppose 3*y - 139 = -2*z + 325, y = -2*z + 472. What are the prime factors of z?
2, 7, 17
Let m(c) = -c - 8. Let z be m(-8). Suppose t = -z*t + 44. Suppose -5*q + t + 1 = 0. What are the prime factors of q?
3
Let n(d) = -2*d + 0*d + d + 3. Let z be n(3). Suppose 0 = -i - 2, -i + 10 = y - z*i. List the prime factors of y.
2, 3
Suppose -7 = 4*w - 23. Let h = w + 9. Suppose 3*n = h + 2. List the prime factors of n.
5
Let l(m) = 2*m - 1. Let f be l(3). Suppose 4*u + f*n - 15 = 0, 11 = 5*u + 3*n + 2. Suppose 2*w - 8 = u, -4*z - 4 = -2*w - 3*w. What are the prime factors of z?
2
Suppose -2*p + p + 11 = 0. Let k(m) = m**2 + 4*m - 1. Let s be k(-5). Let c = p - s. What are the prime factors of c?
7
Let p = 4 - 25. Let j be (-2)/((12/p)/(-2)). Let k = j + 11. What are the prime factors of k?
2
Suppose -76 = -4*p + 196. What are the prime factors of p?
2, 17
Suppose l - 2*l = -3*u + 188, 0 = 3*u + 4*l - 178. Let b = 95 - u. What are the prime factors of b?
3, 11
Let l = 85 - 29. List the prime factors of l.
2, 7
Let l = 15 + -3. Suppose 6*s - 3*s = l. Suppose -k = 2*n + 3*n + 16, 0 = -2*k - n + s. What are the prime factors of k?
2
Let m be -3 + (16 - (0 + 2)). Let r(u) = -u**3 + 11*u**2 + u + 4. List the prime factors of r(m).
3, 5
Let g(r) be the first derivative of r**4/4 + 7*r**3/3 - 5*r**2 - 2*r - 1. List the prime factors of g(-8).
2, 7
Let u be 0/(3*4/(-6)). Suppose -5*m = -u*m - 20. What are the prime factors of m?
2
Suppose 3*r = 4*o - r - 52, 0 = -o - 3*r + 25. Suppose 8*c = 4*c + o. Suppose g - w = -1, -3*g + c = -w - 1. What are the prime factors of g?
3
Let k = 5 - 3. List the prime factors of k.
2
Suppose -28*t + 35*t = 826. List the prime factors of t.
2, 59
List the prime factors of (-1132)/(-9) + 22/99.
2, 3, 7
Let l(a) = a**2 + 9*a. Let z be l(-9). Suppose -3*v + 14 - 5 = z. List the prime factors of v.
3
Let q(l) = l**2 + 3*l - 6. What are the prime factors of q(-9)?
2, 3
Let x = 93 + -130. Let a = x + 67. List the prime factors of a.
2, 3, 5
Let d(o) = -o**3 - o**2 + 2*o. Let z be d(-2). Suppose -2*i + 7*i - 40 = z. List the prime factors of i.
2
Let p(r) = 2*r**2 - 9*r - 10. List the prime factors of p(8).
2, 23
Let j be 2 + -1 + -2 + 3. Let n be 0 - -4 - j - -3. Suppose -2*c - 30 = -n*c. What are the prime factors of c?
2, 5
Suppo